- b))*1?
2, 3
Suppose -9700 = -16*l - 4*l. What are the prime factors of l?
5, 97
Let f = -53 - -55. Suppose -5*z = -f*y - 168, 4*z - 131 - 3 = 2*y. What are the prime factors of z?
2, 17
Suppose -4*g + 2*z + 20 - 4 = 0, -z + 6 = 5*g. Let k = 51 - g. What are the prime factors of k?
7
Suppose s = -5*n + 1370, -2*n + 137 = -5*s - 384. Let y = n - 83. What are the prime factors of y?
2, 5, 19
Suppose 66*y - 65*y - 321 = 0. What are the prime factors of y?
3, 107
Suppose -2*a + 28 = 5*a. Suppose 3*v + 28 = 3*y - 26, 0 = 4*y + a*v - 104. List the prime factors of y.
2, 11
Let p(a) = 2*a + 5. Let w be p(0). Suppose 19 = w*m - 1. Suppose 0 = 5*b - 5*i - 115, 3*i = -m - 8. What are the prime factors of b?
19
Let a = 10 - 8. Let x(j) = -j + 1. Let d be x(a). List the prime factors of (-17 - -10)*2/d.
2, 7
Let a(u) = 40*u**3 - 1. Suppose 8*h = 2*h + 6. Let m be a(h). Suppose 30 = 3*z + 2*q, -z = -4*z - 5*q + m. List the prime factors of z.
2
What are the prime factors of ((-1221)/(-148))/(1/92)?
3, 11, 23
Let n(r) = 7*r + 8. Let z(g) = 2*g**3 - g**2 - 4*g - 3. Let l be z(3). Suppose 5*f - 3*q - 8 = 2, 5*f + q = l. What are the prime factors of n(f)?
43
Let n(q) = 2*q + 607. List the prime factors of n(0).
607
Suppose 0 = 6*p - 2*p. Suppose -3*k - k + 4 = n, p = -k - 5*n - 18. Let g(t) = 17*t - 1. List the prime factors of g(k).
3, 11
Let d = 2228 + 1681. List the prime factors of d.
3, 1303
Let i(n) = 4*n - 5. Let u be i(2). Suppose 21 = 2*r - u. What are the prime factors of (-2)/(-12) - (-130)/r?
11
Let m = 51 - 47. List the prime factors of 826/8 - m/16.
103
Let k(a) = -2*a**2 - 36*a - 124. List the prime factors of k(-9).
2, 19
Let c be (-5 + 6)/(-3 + 2). Let s(q) = -7*q**2 - 1. Let m be s(c). What are the prime factors of ((-33)/12)/(2/m)?
11
Let o(k) = -k**3 - 6*k**2 - 4*k - 9. Let w = 4 - -3. Suppose 4*s + w + 17 = 0. List the prime factors of o(s).
3, 5
Suppose -f + 20 = -4*a, 40 = -5*a - 4*f + 9*f. Let z(l) = -l**3 - 2*l**2 - 8*l - 9. List the prime factors of z(a).
5, 11
Let s(u) be the first derivative of 5*u**3/3 - u**2 + u + 12. Let r be s(1). List the prime factors of (0 + r)*(-7)/(-4).
7
Let i be 14/4 + (-4)/(-8). Suppose 4*o - 372 = -0*o - 4*j, 352 = i*o - j. What are the prime factors of o?
89
Let d = 16 - 8. Suppose d = 3*y - 1. Suppose 5*f - 14 = x, -2*f + 0*x + 3*x + y = 0. List the prime factors of f.
3
Let p = 37 + -50. Let o(r) = -r**3 - 12*r**2 + 12*r - 3. What are the prime factors of o(p)?
2, 5
Suppose -x = 5*k + 14 - 75, 4*k - 5*x - 43 = 0. Let m be 16/k - 2/6. Let g(w) = 14*w**2 + 2*w - 1. List the prime factors of g(m).
3, 5
Let t = -3573 + 5011. List the prime factors of t.
2, 719
Suppose 0 = 16*k - 24*k + 17568. What are the prime factors of k?
2, 3, 61
Let g(m) be the second derivative of 109*m**4/12 - m**3/6 - 18*m. What are the prime factors of g(-1)?
2, 5, 11
Let h(c) = -c**3 + 4*c**2 + 3*c - 15. Let r be h(3). Suppose -13 - 218 = -r*v. What are the prime factors of v?
7, 11
Let m(g) = -15*g + 3. Let v(i) = -7*i + 2. Let a(t) = -2*m(t) + 5*v(t). Let r(u) = -6*u + 3. Let n(p) = 4*a(p) - 3*r(p). What are the prime factors of n(-3)?
13
Suppose -5 = 7*y + 2. What are the prime factors of (-1 + 1 - 41)*y?
41
Suppose -3*p + 9 = 0, -c - 3*c - p = -11267. List the prime factors of c.
2, 11
What are the prime factors of (-2108)/(-4) + (-12 - 3)/5?
2, 131
Let y = -12 - -8. List the prime factors of (-24 + 15)*y/3.
2, 3
Let l be (-7)/(-14) - (-574)/(-4). Let d = -73 - l. What are the prime factors of d?
2, 5, 7
Let z(h) = -4*h**3 - 4*h**2 - 4*h - 11. List the prime factors of z(-4).
197
Suppose 4 = j, 2*o + j + j = 1014. List the prime factors of o.
503
Suppose 30*m - 2810 - 2680 = 0. What are the prime factors of m?
3, 61
Suppose -17*q + 18*q = 0. List the prime factors of (-185 - 9)*(q + -1).
2, 97
Let r(w) = 27*w**2 - 8*w - 67. List the prime factors of r(-4).
397
Let j(r) = 6*r**2 + 11*r + 135. What are the prime factors of j(-16)?
5, 13, 23
Let t(c) = -c**3 + 12*c**2 - 7*c. Let p be t(5). Let m = p + 92. List the prime factors of m.
2, 29
Let m(q) = q + 5. Let o be m(-3). Suppose 9*f = -2*f - 11. What are the prime factors of (5 + o - -3) + f?
3
Suppose -1264*i - 574 = -1265*i. What are the prime factors of i?
2, 7, 41
Suppose -1220 = -9*x + 2659. List the prime factors of x.
431
Let p(x) = 4*x**2 - 53*x + 102. List the prime factors of p(22).
2, 109
What are the prime factors of 354/(1/((-8)/36))*-15?
2, 5, 59
Let k(p) = p**3 + 18*p**2 + 13*p + 10. Let f be k(-17). List the prime factors of (f/(-4) + -3)*-6.
3, 5
Suppose -71 = -3*i + 4*s, 4*i - 4*s - 94 = s. Let l = i + -14. Suppose 25 = y + 4*g, -l*g + 200 = 5*y - 2*g. List the prime factors of y.
3, 5
Suppose 0 = 2*f - 2*a - 0*a - 34, 0 = f - 5*a - 9. Let m be -1*((-30)/(-2) + -2). Let b = f + m. List the prime factors of b.
2, 3
Let a be 44/33 - (-2)/3. Suppose a*d = 2*n + 3*n + 24, -5*d = n - 6. Let i = d - -17. What are the prime factors of i?
19
Let j be ((-2)/(-4))/((-4)/8). Let r = j + 10. Let o = 15 - r. List the prime factors of o.
2, 3
Suppose 3*t + 4*j = 2181, -49*t = -45*t + 3*j - 2908. What are the prime factors of t?
727
Let q = 20 - 16. Suppose 3*d = -q*g + 105 + 69, -d + 51 = -g. List the prime factors of (1 + -3)/((-4)/d).
3
Let b be (76/10)/((-10)/(-25)). Suppose -b = -2*d + 1. Suppose 4*v + 14 - 34 = 5*k, -2*v - 4*k + d = 0. List the prime factors of v.
5
Let s(n) = n + 9. Let q be s(-7). Suppose -4*p = q*p - 504. List the prime factors of p/(6/2) + -3.
5
Let y(h) = -2*h - 13. Let n be y(-8). Suppose -4*i = l + 3*l - 44, n*l - 2*i - 18 = 0. What are the prime factors of l?
2
Let j = 18 - 16. Let m be 1/5 - 16/5 - -195. Suppose -m + 56 = -j*w. List the prime factors of w.
2, 17
Suppose i - 144 - 588 = -4*d, -5*d + 727 = i. List the prime factors of i.
2, 47
Let d(g) = -4*g**2 + 29*g - 5. Let o be d(7). Let m = o + 12. List the prime factors of m.
2, 7
Suppose 3*b - 1007 - 1963 = 0. What are the prime factors of 4/(-18) + b/81?
2, 3
Let k be (5/(-2))/(3/(-6)). What are the prime factors of (k + (-27)/5)*-545?
2, 109
List the prime factors of 8/(-180)*-5 - (-89400)/108.
2, 3, 23
Let o be 2/(-13) + 45/39. List the prime factors of o*94 - 28/(-7).
2, 7
Suppose -10*f = -7*f. Suppose f = -16*j + 11*j - 110. Let s = 42 + j. What are the prime factors of s?
2, 5
Suppose 0 = -4*n + 2*w - 6, 3*n - 5*w + 8 + 7 = 0. Let j = 6 + -4. Suppose n = c - j - 4. List the prime factors of c.
2, 3
Suppose -5*g - g = -5*g. Suppose g = -6*r + 300 + 60. List the prime factors of r.
2, 3, 5
Let x(v) be the second derivative of v**3/6 + 5*v**2/2 - 7*v. Let t be x(-4). What are the prime factors of t - 1/(2/(-30))?
2
Let m be (-2 + 3)/(-3 + 4). Let f(l) = -17*l**3 - l**2 - l + 1. Let z be f(m). List the prime factors of 132/(-2)*6/z.
2, 11
Let g = -80 + 307. What are the prime factors of g?
227
Let s = 582 - 375. List the prime factors of s.
3, 23
Let u = -195 + 388. What are the prime factors of u?
193
Suppose 3*j + 35 = -2*j. Let o(p) = 3*p**2 + 46*p - 14. Let b(d) = d**2 + 15*d - 3. Let h(r) = -7*b(r) + 2*o(r). List the prime factors of h(j).
5, 7
Let x(w) = 21*w - 159. List the prime factors of x(12).
3, 31
Suppose 0 = 3*y - 3*v - 24, 0 = 4*y + 2*v + 2*v. Suppose 2*m + 4*w = 74, 2*m - 39 = y*w + 3. What are the prime factors of m?
29
Suppose 127077 = 31*p + 39471. What are the prime factors of p?
2, 3, 157
Let g be (16/12)/(2/(-18)). Let s be (g/(-8))/(1/(-588)). List the prime factors of 2/(-4) + s/(-28).
31
Suppose -4*v + 13336 - 4697 = 3*f, -4*f + 5*v + 11529 = 0. List the prime factors of f.
43, 67
Let v be ((-16)/(-10))/(2/5). Let g be (6/v)/(3/(-30)). Let m = -8 - g. List the prime factors of m.
7
Let d = -18 - -20. Let s = d + 7. What are the prime factors of (0 + -3)*(-12)/s?
2
Let w be ((-582)/5)/((-4)/10). Suppose 2*v - p = w, 0 = -0*v - 3*v - 4*p + 442. What are the prime factors of v?
2, 73
Let i = 272 - -441. What are the prime factors of i?
23, 31
Suppose -26*i = -30*i - 36. Let y = i - -14. What are the prime factors of y?
5
Let d = -35 + 216. List the prime factors of d.
181
Let g = 17 - 8. Suppose 5*t = 2*t - g. Let o(s) = -s**3 - 3*s**2 - 3*s. What are the prime factors of o(t)?
3
Let s(b) = 3*b**3 + 6*b**2 - 2*b + 9. List the prime factors of s(5).
2, 13